{"id":9,"date":"2025-11-20T13:01:10","date_gmt":"2025-11-20T13:01:10","guid":{"rendered":"https:\/\/farosolutions.fi\/?page_id=9"},"modified":"2025-11-20T13:08:43","modified_gmt":"2025-11-20T13:08:43","slug":"9-2","status":"publish","type":"page","link":"https:\/\/farosolutions.fi\/","title":{"rendered":"Faro Solutions Oy"},"content":{"rendered":"\n<div class=\"wp-block-cover alignfull has-accent-1-color has-text-color has-link-color wp-elements-04f57bd08cc03e5cfcd547c9701d0a65\" style=\"margin-top:0;margin-bottom:0;padding-top:200px;padding-right:var(--wp--preset--spacing--50);padding-bottom:200px;padding-left:var(--wp--preset--spacing--50);min-height:100vh;aspect-ratio:unset;\"><img decoding=\"async\" class=\"wp-block-cover__image-background\" alt=\"Faro Solutions\" src=\"https:\/\/farosolutions.fi\/wp-content\/themes\/twentytwentyfive\/assets\/images\/coming-soon-bg-image.webp\" data-object-fit=\"cover\"\/><span aria-hidden=\"true\" class=\"wp-block-cover__background has-background-dim-10 has-background-dim\"><\/span><div class=\"wp-block-cover__inner-container has-global-padding is-layout-constrained wp-container-core-cover-is-layout-d47c59a2 wp-block-cover-is-layout-constrained\">\n<h3 class=\"wp-block-heading has-text-align-center has-xx-large-font-size\"><strong>Faro Solutions<\/strong><\/h3>\n\n\n\n<p class=\"has-text-align-center has-x-large-font-size\"><strong>Pasi Hario<\/strong><\/p>\n\n\n\n<p class=\"has-text-align-center\"><a href=\"mailto:pasi.hario@farosolutions.fi\"><strong>pasi.hario@<\/strong>farosolutions.fi<\/a><\/p>\n\n\n\n<div class=\"wp-block-buttons is-content-justification-center is-layout-flex wp-container-core-buttons-is-layout-a89b3969 wp-block-buttons-is-layout-flex\">\n<div class=\"wp-block-button is-style-fill\"><a class=\"wp-block-button__link has-contrast-color has-accent-1-background-color has-text-color has-background has-link-color has-border-color has-accent-1-border-color wp-element-button\" href=\"mailto:pasi.hario@farosolutions.fi\">L\u00e4het\u00e4 s\u00e4hk\u00f6postia<\/a><\/div>\n<\/div>\n\n\n\n<p class=\"has-text-align-center\">Y-tunnus: 3441357-5<\/p>\n<\/div><\/div>\n","protected":false},"excerpt":{"rendered":"","protected":false},"author":1,"featured_media":0,"parent":0,"menu_order":0,"comment_status":"closed","ping_status":"closed","template":"no-header-footer","meta":{"footnotes":""},"class_list":["post-9","page","type-page","status-publish","hentry"],"_links":{"self":[{"href":"https:\/\/farosolutions.fi\/index.php?rest_route=\/wp\/v2\/pages\/9","targetHints":{"allow":["GET"]}}],"collection":[{"href":"https:\/\/farosolutions.fi\/index.php?rest_route=\/wp\/v2\/pages"}],"about":[{"href":"https:\/\/farosolutions.fi\/index.php?rest_route=\/wp\/v2\/types\/page"}],"author":[{"embeddable":true,"href":"https:\/\/farosolutions.fi\/index.php?rest_route=\/wp\/v2\/users\/1"}],"replies":[{"embeddable":true,"href":"https:\/\/farosolutions.fi\/index.php?rest_route=%2Fwp%2Fv2%2Fcomments&post=9"}],"version-history":[{"count":2,"href":"https:\/\/farosolutions.fi\/index.php?rest_route=\/wp\/v2\/pages\/9\/revisions"}],"predecessor-version":[{"id":14,"href":"https:\/\/farosolutions.fi\/index.php?rest_route=\/wp\/v2\/pages\/9\/revisions\/14"}],"wp:attachment":[{"href":"https:\/\/farosolutions.fi\/index.php?rest_route=%2Fwp%2Fv2%2Fmedia&parent=9"}],"curies":[{"name":"wp","href":"https:\/\/api.w.org\/{rel}","templated":true}]}}